or of 119666338 and 6924?
1154
What is the highest common divisor of 182173 and 938?
67
Calculate the greatest common divisor of 12930 and 3425157.
1293
What is the greatest common factor of 85529 and 3782?
31
What is the highest common factor of 588 and 3549126?
42
What is the greatest common factor of 13362420 and 36?
12
Calculate the highest common divisor of 525 and 832965.
105
What is the highest common factor of 60129999 and 189?
27
What is the highest common factor of 1369 and 43461754?
37
What is the highest common factor of 100 and 62617820?
20
What is the highest common divisor of 72 and 3343563?
9
What is the highest common divisor of 594 and 374106843?
297
What is the highest common divisor of 1158321 and 906?
453
Calculate the greatest common divisor of 114742108 and 820.
164
Calculate the highest common factor of 6272 and 68402824.
392
Calculate the highest common factor of 45506 and 1304302.
122
What is the highest common divisor of 238 and 39625198?
34
Calculate the greatest common factor of 140 and 1688024.
4
What is the highest common divisor of 73834 and 2479?
67
What is the greatest common divisor of 32338785 and 3540?
885
Calculate the highest common factor of 6237 and 2228391.
891
Calculate the highest common divisor of 92 and 106608.
4
Calculate the greatest common factor of 32 and 33103464.
8
Calculate the greatest common factor of 153318369 and 5323.
5323
What is the highest common divisor of 292116 and 13596?
132
What is the greatest common factor of 4121 and 424268?
13
What is the greatest common factor of 248 and 18421192?
248
Calculate the highest common divisor of 682560 and 16560.
720
What is the highest common factor of 18560192 and 28?
28
Calculate the highest common divisor of 68874 and 3918.
6
Calculate the greatest common divisor of 1250 and 36589750.
250
What is the highest common divisor of 24 and 2706117?
3
Calculate the highest common divisor of 52 and 6090097.
13
Calculate the greatest common divisor of 57729 and 81422631.
8247
Calculate the greatest common divisor of 49502397 and 182357.
1673
What is the highest common factor of 7473 and 2562603?
159
What is the highest common factor of 122 and 27755549?
61
Calculate the greatest common divisor of 7899 and 2301242.
2633
Calculate the highest common divisor of 221 and 2347309.
17
What is the highest common divisor of 2905 and 1588128640?
2905
What is the highest common divisor of 91664 and 10832?
16
What is the greatest common divisor of 3886 and 31054969?
1943
What is the greatest common divisor of 2946 and 39264?
6
Calculate the greatest common factor of 74252 and 2034114.
1954
What is the highest common factor of 40 and 10344340?
20
What is the greatest common divisor of 62886 and 1974?
282
What is the highest common divisor of 2924 and 6270654?
34
Calculate the greatest common divisor of 229934180 and 70.
70
Calculate the highest common divisor of 3585 and 33461195.
1195
What is the highest common divisor of 57675 and 940425?
75
Calculate the highest common divisor of 479 and 13773645.
479
Calculate the highest common factor of 40689033 and 308.
77
What is the greatest common factor of 1902 and 258936378?
1902
What is the greatest common factor of 206242 and 2623970?
2042
What is the highest common divisor of 2544 and 106315032?
1272
Calculate the highest common factor of 105072800 and 3480.
1160
Calculate the greatest common factor of 15142461 and 51.
51
What is the highest common factor of 93 and 32311641?
93
What is the greatest common factor of 1921357 and 3961?
17
Calculate the greatest common factor of 152 and 251329948.
76
Calculate the greatest common divisor of 2520 and 54258624.
504
What is the highest common factor of 11128692 and 4698?
174
Calculate the highest common factor of 452 and 495515622.
226
What is the greatest common divisor of 24582 and 160851594?
1446
Calculate the greatest common divisor of 1845 and 1752627.
123
What is the highest common divisor of 174 and 9666831?
87
Calculate the greatest common factor of 1214069 and 43694.
3121
Calculate the highest common divisor of 3335 and 6399575.
145
What is the greatest common divisor of 6535085 and 417?
139
Calculate the highest common factor of 1080 and 37478970.
270
Calculate the greatest common divisor of 52799 and 47212.
37
What is the greatest common divisor of 1484 and 563276?
28
Calculate the greatest common divisor of 34 and 13005646.
34
Calculate the highest common factor of 11 and 124279375.
11
What is the greatest common divisor of 43865 and 3636145?
155
What is the highest common divisor of 37 and 32260448?
37
Calculate the greatest common divisor of 1012788 and 1008.
252
What is the greatest common factor of 987307 and 1988908?
1021
Calculate the highest common factor of 675 and 283367025.
675
Calculate the greatest common divisor of 123706 and 9482.
22
Calculate the greatest common factor of 72 and 5766528.
24
What is the greatest common divisor of 7038474 and 87?
87
Calculate the highest common divisor of 1630080 and 170880.
1920
What is the greatest common factor of 12536899 and 38967?
419
Calculate the highest common divisor of 12452 and 439659.
11
Calculate the highest common divisor of 284 and 202421.
71
Calculate the highest common divisor of 43527297 and 654.
327
Calculate the greatest common divisor of 55 and 62243093.
11
What is the highest common divisor of 10418634 and 24450?
978
Calculate the highest common divisor of 185302 and 923.
13
Calculate the highest common divisor of 156 and 80116404.
12
What is the greatest common divisor of 13151626 and 6?
2
Calculate the highest common divisor of 42743691 and 18.
9
What is the highest common divisor of 145 and 1322905?
5
What is the greatest common factor of 21612 and 72263324?
7204
What is the greatest common factor of 16299 and 79200?
9
What is the greatest common divisor of 12531565 and 35?
5
Calculate the highest common divisor of 112650741 and 42.
21
Calculate the greatest common factor of 156090 and 6012690.
1290
What is the highest common factor of 4065407 and 136832?
1069
What is the highest common factor of 822 and 825008246?
274
What is the greatest common factor of 696758 and 11300?
226
Calculate the highest common factor of 1564 and 1893528.
68
Calculate the greatest common divisor of 742 and 652814674.
106
Calculate the highest common divisor of 74621 and 294224.
71
Calculate the highest common factor of 183 and 30806647.
61
What is the greatest common factor of 6448 and 50716744?
3224
Calculate the highest common divisor of 352 and 25938638.
22
Calculate the highest common divisor of 130 and 27602926.
26
Calculate the greatest common factor of 39753 and 133288023.
1893
What is the greatest common divisor of 10648 and 112554200?
968
What is the greatest common factor of 1760 and 6591530?
110
Calculate the highest common factor of 68 and 16141296.
68
What is the greatest common divisor of 10 and 34609970?
10
Calculate the highest common factor of 640 and 651460.
20
What is the greatest common factor of 133 and 21220696?
7
Calculate the highest common factor of 1294904172 and 696.
348
What is the highest common factor of 2390 and 23249920?
2390
Calculate the highest common divisor of 32686 and 205969.
59
What is the highest common factor of 3 and 175963?
1
What is the highest common divisor of 5148 and 671115159?
1287
Calculate the greatest common factor of 2248 and 54125096.
2248
What is the highest common divisor of 3202591 and 2401?
343
What is the greatest common divisor of 407443 and 3384?
47
What is the highest common divisor of 2567 and 4928759?
17
What is the highest common divisor of 839188 and 915943?
5117
Calculate the greatest common factor of 35 and 600500.
5
Calculate the greatest common factor of 87713 and 264573.
239
Calculate the greatest common factor of 29325274 and 5214.
1738
Calculate the greatest common factor of 25745426 and 2786.
2786
What is the greatest common factor of 230160875 and 385?
35
What is the greatest common factor of 225 and 8259725?
25
What is the highest common divisor of 2673404 and 19627?
1033
What is the highest common divisor of 473618 and 3658?
62
What is the highest common divisor of 704 and 4326960?
176
Calculate the highest common factor of 32000